{"id":57,"date":"2020-07-30T08:50:31","date_gmt":"2020-07-30T08:50:31","guid":{"rendered":"http:\/\/burgen-manderscheid.de\/?page_id=57"},"modified":"2021-06-16T15:51:46","modified_gmt":"2021-06-16T14:51:46","slug":"der-burgenverein-manderscheid","status":"publish","type":"page","link":"https:\/\/burgen-manderscheid.de\/?page_id=57","title":{"rendered":"Der Burgenverein Manderscheid"},"content":{"rendered":"\n<h3 class=\"wp-block-heading\" id=\"1794567936\"><strong>Vereinsgr\u00fcndung am 19.09.2017<\/strong><\/h3>\n\n\n\n<p><\/p>\n\n\n\n<p>Auf Einladung der Stadt Manderscheid waren am 19.09.2017 \u00fcber 70 Freundinnen und Freunde der Manderscheider Burgen zur Gr\u00fcndungsversammlung des Burgenvereins Manderscheid ins Kurhaus Manderscheid gekommen.<\/p>\n\n\n\n<p>Nachdem die Oberburg Manderscheid bereits seit 1921 im Besitz der Stadt Manderscheid ist sollte nun auch die Niederburg zum 01.01.18 in das Eigentum der Stadt \u00fcbergehen. Der Eifelverein hatte im Jahr 2015 angek\u00fcndigt, sich von der seit 1899 in Ihrem Besitz befindlichen Niederburg trennen zu wollen. Der Stadtrat Manderscheid entschied sich dann einstimmig f\u00fcr einen Kauf der Burg. Die Verhandlungen mit dem Eifelverein wurden im Juni 2017 mit dem Kauf der Burg abgeschlossen.<\/p>\n\n\n\n<p>Die Stadt hat den Betrieb und die Verwaltung der beiden Burgen mit Wirkung zum 01.01.2018 an den neu gegr\u00fcndeten Burgenverein Manderscheid verpachtet. Dieser wird f\u00fcr den Betrieb, die Verwaltung und die Vermarktung der Ober- und Niederburg verantwortlich sein. Laut Satzung wird dies insbesondere durch Ma\u00dfnahmen der Sicherung, Erhaltung und Wiederherstellung der denkmalgesch\u00fctzten Baulichkeiten der Nieder- und Oberburg und der F\u00f6rderung diesem Kulturgut angepasster, kultureller Veranstaltungen zur Wahrung und Pflege des historischen Burglebens verwirklicht.<\/p>\n\n\n\n<p>Weiterhin wird der Burgenverein auch f\u00fcr die Durchf\u00fchrung des \u00fcberregional bekannten Historischen Burgenfestes verantwortlich sein. In der Gr\u00fcndungsversammlung am 19.09. wurde zun\u00e4chst die Satzung einstimmig beschlossen.<br>Darauffolgend wurde der erste Vorstand des Vereins gew\u00e4hlt.<strong> <\/strong><\/p>\n\n\n\n<p><strong>Jahreshauptversammlung am 07.02.2020: Burgenverein Manderscheid blickt auf erfolgreiches Jahr zur\u00fcck<\/strong><br><br>Gute Nachrichten vom Burgenverein Manderscheid: Der Verein, der sich um die Manderscheider Burgen k\u00fcmmert und Veranstaltungen organisiert, kann auf ein erfolgreiches Jahr 2019 zur\u00fcckblicken. Nicht nur der laufende Betrieb der Burg war zufriedenstellend, sondern auch die zahlreichen Veranstaltungen rund um die Burg und ihre Geschichte lockte zahlreiche Besucher. Wirtschaftlich konnte der Verein einen \u00dcberschuss erzielen, der dringend f\u00fcr Investitionen in die Burg, aber auch als Notfallreserve wie zum Beispiel einen Totalausfall des j\u00e4hrlichen Burgenfests dienen beziehungsweise vorgehalten werden soll.<br><br>Neben der Organisation von Veranstaltungen wie dem zweit\u00e4gigen Burgenfest, dem Burgenerlebnis &#8222;Lebendige Burg&#8220; und dem Tag des offenen Denkmals, haben die Mitglieder in mehreren Arbeitseins\u00e4tzen\u00a0 die Waldb\u00fchne auf der Turnierwiese um 100 Sitzpl\u00e4tze erweitert, die Beleuchtung der Burg verbessert und die Stromverteilung erneuert.<br><br>Stadtb\u00fcrgermeister G\u00fcnter Kr\u00e4mer, zugleich erster Vorsitzender des Burgenvereins zeigte sich in der Mitgliederversammlung im Manderscheider Kurhaus erfreut \u00fcber die aktuelle Entwicklung. &#8222;Es freut mich, dass sich die Gr\u00fcndung des Vereins und die \u00dcbertragung der Aufgaben als ein organisatorisch und finanziell tragf\u00e4higes Konzept erwiesen hat. Das alles ist nat\u00fcrlich nur m\u00f6glich durch den Einsatz vieler ehrenamtlicher Helfer&#8220;, lobte Kr\u00e4mer. Er dankte den rund 170 Mitgliedern des Vereins und den \u00fcber 200 Helfern am Burgenfest. Ein besonderer Dank ging dabei an den bisherigen zweiten Vorsitzenden Walter Densborn, der schon in seiner Zeit als B\u00fcrgermeister der Verbandsgemeinde Manderscheid entscheidenden Anteil an der Entwicklung der Burg und der Durchf\u00fchrung des Burgenfestes hatte. Einstimmig ernannten ihn die Mitglieder daher zum ersten Ehrenmitglied des Vereins und G\u00fcnter Kr\u00e4mer konnte ihm in der Sitzung bereits die Ehrenurkunde \u00fcberreichen.<br><br>Im Rahmen der Mitgliederversammlung wurde auch der Vorstand des Vereins neu gew\u00e4hlt. <strong>G\u00fcnter Kr\u00e4mer<\/strong> ist erneut <strong>erster Vorsitzender<\/strong>, zum <strong>zweiten Vorsitzenden<\/strong> wurde <strong>Reimund Schmitz<\/strong> gew\u00e4hlt, <strong>Kassenwart<\/strong> ist wieder <strong>Hubert Jendryssik<\/strong>, <strong>Ruth Salzburger<\/strong> wurde als <strong>Schriftf\u00fchrerin<\/strong> in ihrem Amt best\u00e4tigt, <strong>Claudia Becker, Dr. Dirk Haderlein, Verena Sch\u00f6mer, Tobias Stadtfeld und Mike-D. Winter<\/strong> wurden von der Stadt bereits in den Vorstand entsandt; <strong>Michael Moll und Sigrun Neumann<\/strong> wurden durch die Mitglieder als <strong>Beisitzer<\/strong> gew\u00e4hlt.<br><br>Auf den Vorstand und die Mitglieder des Burgenvereins kommt auch demn\u00e4chst wieder viel Arbeit zu. Der untere Bereich der Niederburg soll barrierefrei ausgebaut und f\u00fcr Besucher attraktiver gestaltet werden.<br>Der Stadtrat hat hierzu bereits entsprechende Beschl\u00fcsse gefasst und die Antr\u00e4ge zur F\u00f6rderung der Bauma\u00dfnahmen sind gestellt. (Mike D. Winter)<\/p>\n","protected":false},"excerpt":{"rendered":"<p>Vereinsgr\u00fcndung am 19.09.2017 Auf Einladung der Stadt Manderscheid waren am 19.09.2017 \u00fcber 70 Freundinnen und Freunde der Manderscheider Burgen zur&hellip;<\/p>\n","protected":false},"author":1,"featured_media":0,"parent":0,"menu_order":0,"comment_status":"closed","ping_status":"closed","template":"","meta":{"ngg_post_thumbnail":0,"_EventAllDay":false,"_EventTimezone":"","_EventStartDate":"","_EventEndDate":"","_EventStartDateUTC":"","_EventEndDateUTC":"","_EventShowMap":false,"_EventShowMapLink":false,"_EventURL":"","_EventCost":"","_EventCostDescription":"","_EventCurrencySymbol":"","_EventCurrencyCode":"","_EventCurrencyPosition":"","_EventDateTimeSeparator":"","_EventTimeRangeSeparator":"","_EventOrganizerID":[],"_EventVenueID":[],"_OrganizerEmail":"","_OrganizerPhone":"","_OrganizerWebsite":"","_VenueAddress":"","_VenueCity":"","_VenueCountry":"","_VenueProvince":"","_VenueState":"","_VenueZip":"","_VenuePhone":"","_VenueURL":"","_VenueStateProvince":"","_VenueLat":"","_VenueLng":"","_VenueShowMap":false,"_VenueShowMapLink":false,"footnotes":""},"class_list":["post-57","page","type-page","status-publish","hentry"],"jetpack_sharing_enabled":true,"_links":{"self":[{"href":"https:\/\/burgen-manderscheid.de\/index.php?rest_route=\/wp\/v2\/pages\/57","targetHints":{"allow":["GET"]}}],"collection":[{"href":"https:\/\/burgen-manderscheid.de\/index.php?rest_route=\/wp\/v2\/pages"}],"about":[{"href":"https:\/\/burgen-manderscheid.de\/index.php?rest_route=\/wp\/v2\/types\/page"}],"author":[{"embeddable":true,"href":"https:\/\/burgen-manderscheid.de\/index.php?rest_route=\/wp\/v2\/users\/1"}],"replies":[{"embeddable":true,"href":"https:\/\/burgen-manderscheid.de\/index.php?rest_route=%2Fwp%2Fv2%2Fcomments&post=57"}],"version-history":[{"count":2,"href":"https:\/\/burgen-manderscheid.de\/index.php?rest_route=\/wp\/v2\/pages\/57\/revisions"}],"predecessor-version":[{"id":398,"href":"https:\/\/burgen-manderscheid.de\/index.php?rest_route=\/wp\/v2\/pages\/57\/revisions\/398"}],"wp:attachment":[{"href":"https:\/\/burgen-manderscheid.de\/index.php?rest_route=%2Fwp%2Fv2%2Fmedia&parent=57"}],"curies":[{"name":"wp","href":"https:\/\/api.w.org\/{rel}","templated":true}]}}

<h3 class="wp-block-heading" id="1794567936"><strong>Vereinsgründung am 19.09.2017</strong></h3>



<p></p>



<p>Auf Einladung der Stadt Manderscheid waren am 19.09.2017 über 70 Freundinnen und Freunde der Manderscheider Burgen zur Gründungsversammlung des Burgenvereins Manderscheid ins Kurhaus Manderscheid gekommen.</p>



<p>Nachdem die Oberburg Manderscheid bereits seit 1921 im Besitz der Stadt Manderscheid ist sollte nun auch die Niederburg zum 01.01.18 in das Eigentum der Stadt übergehen. Der Eifelverein hatte im Jahr 2015 angekündigt, sich von der seit 1899 in Ihrem Besitz befindlichen Niederburg trennen zu wollen. Der Stadtrat Manderscheid entschied sich dann einstimmig für einen Kauf der Burg. Die Verhandlungen mit dem Eifelverein wurden im Juni 2017 mit dem Kauf der Burg abgeschlossen.</p>



<p>Die Stadt hat den Betrieb und die Verwaltung der beiden Burgen mit Wirkung zum 01.01.2018 an den neu gegründeten Burgenverein Manderscheid verpachtet. Dieser wird für den Betrieb, die Verwaltung und die Vermarktung der Ober- und Niederburg verantwortlich sein. Laut Satzung wird dies insbesondere durch Maßnahmen der Sicherung, Erhaltung und Wiederherstellung der denkmalgeschützten Baulichkeiten der Nieder- und Oberburg und der Förderung diesem Kulturgut angepasster, kultureller Veranstaltungen zur Wahrung und Pflege des historischen Burglebens verwirklicht.</p>



<p>Weiterhin wird der Burgenverein auch für die Durchführung des überregional bekannten Historischen Burgenfestes verantwortlich sein. In der Gründungsversammlung am 19.09. wurde zunächst die Satzung einstimmig beschlossen.<br>Darauffolgend wurde der erste Vorstand des Vereins gewählt.<strong> </strong></p>



<p><strong>Jahreshauptversammlung am 07.02.2020: Burgenverein Manderscheid blickt auf erfolgreiches Jahr zurück</strong><br><br>Gute Nachrichten vom Burgenverein Manderscheid: Der Verein, der sich um die Manderscheider Burgen kümmert und Veranstaltungen organisiert, kann auf ein erfolgreiches Jahr 2019 zurückblicken. Nicht nur der laufende Betrieb der Burg war zufriedenstellend, sondern auch die zahlreichen Veranstaltungen rund um die Burg und ihre Geschichte lockte zahlreiche Besucher. Wirtschaftlich konnte der Verein einen Überschuss erzielen, der dringend für Investitionen in die Burg, aber auch als Notfallreserve wie zum Beispiel einen Totalausfall des jährlichen Burgenfests dienen beziehungsweise vorgehalten werden soll.<br><br>Neben der Organisation von Veranstaltungen wie dem zweitägigen Burgenfest, dem Burgenerlebnis &#8222;Lebendige Burg&#8220; und dem Tag des offenen Denkmals, haben die Mitglieder in mehreren Arbeitseinsätzen  die Waldbühne auf der Turnierwiese um 100 Sitzplätze erweitert, die Beleuchtung der Burg verbessert und die Stromverteilung erneuert.<br><br>Stadtbürgermeister Günter Krämer, zugleich erster Vorsitzender des Burgenvereins zeigte sich in der Mitgliederversammlung im Manderscheider Kurhaus erfreut über die aktuelle Entwicklung. &#8222;Es freut mich, dass sich die Gründung des Vereins und die Übertragung der Aufgaben als ein organisatorisch und finanziell tragfähiges Konzept erwiesen hat. Das alles ist natürlich nur möglich durch den Einsatz vieler ehrenamtlicher Helfer&#8220;, lobte Krämer. Er dankte den rund 170 Mitgliedern des Vereins und den über 200 Helfern am Burgenfest. Ein besonderer Dank ging dabei an den bisherigen zweiten Vorsitzenden Walter Densborn, der schon in seiner Zeit als Bürgermeister der Verbandsgemeinde Manderscheid entscheidenden Anteil an der Entwicklung der Burg und der Durchführung des Burgenfestes hatte. Einstimmig ernannten ihn die Mitglieder daher zum ersten Ehrenmitglied des Vereins und Günter Krämer konnte ihm in der Sitzung bereits die Ehrenurkunde überreichen.<br><br>Im Rahmen der Mitgliederversammlung wurde auch der Vorstand des Vereins neu gewählt. <strong>Günter Krämer</strong> ist erneut <strong>erster Vorsitzender</strong>, zum <strong>zweiten Vorsitzenden</strong> wurde <strong>Reimund Schmitz</strong> gewählt, <strong>Kassenwart</strong> ist wieder <strong>Hubert Jendryssik</strong>, <strong>Ruth Salzburger</strong> wurde als <strong>Schriftführerin</strong> in ihrem Amt bestätigt, <strong>Claudia Becker, Dr. Dirk Haderlein, Verena Schömer, Tobias Stadtfeld und Mike-D. Winter</strong> wurden von der Stadt bereits in den Vorstand entsandt; <strong>Michael Moll und Sigrun Neumann</strong> wurden durch die Mitglieder als <strong>Beisitzer</strong> gewählt.<br><br>Auf den Vorstand und die Mitglieder des Burgenvereins kommt auch demnächst wieder viel Arbeit zu. Der untere Bereich der Niederburg soll barrierefrei ausgebaut und für Besucher attraktiver gestaltet werden.<br>Der Stadtrat hat hierzu bereits entsprechende Beschlüsse gefasst und die Anträge zur Förderung der Baumaßnahmen sind gestellt. (Mike D. Winter)</p>

<p>Vereinsgründung am 19.09.2017 Auf Einladung der Stadt Manderscheid waren am 19.09.2017 über 70 Freundinnen und Freunde der Manderscheider Burgen zur&hellip;</p>
